 -26)).
67
What is the value of 11 - 1 - ((-35 - -26) + 2 - -1)?
16
What is the value of 150 - (827 + -796 + -1 + 12)?
108
Evaluate (0 - -1 - 15) + (-99 - (22 + -90)).
-45
Calculate (-5 - 0 - (-23 - -25)) + -2 + (-3 - -7).
-5
Calculate 32 + -34 + -57 + (19 - -3).
-37
What is the value of -17 - (-91 - 70) - 76?
68
-114 + 120 - (-3 + -14)
23
Calculate 33 + -38 + -4 + 18 + -64.
-55
What is the value of (96 - 86 - (0 + 103)) + 23?
-70
What is the value of -1 - -48 - (-98 + (-31 - -151))?
25
What is the value of (-2 - 109 - (-454 - -433)) + 24 + (0 - -1)?
-65
-3 + 14 + -4 + 0 - (5 + -31)
33
What is 117 - (-70 - (-14 - 57))?
116
Evaluate -66 + 66 - ((-4 + (2 - 2) - 1) + 1).
4
-36 + (1 - -61) + 21 + (0 + -1 - -8)
54
34 + -1 - (864 + -823) - 27
-35
What is 25 + (0 - 3) - (9 + 8 - 21)?
26
Calculate -9 + 13 + 4 + (4 - (-1 + 11)) + -47.
-45
Evaluate 6838 + -6872 + (22 - (1 - 2)).
-11
What is the value of (19 - 11) + -56 + -13?
-61
What is the value of -41 - -35 - 39 - 28?
-73
(-75 - 30) + 269 + -82
82
(-23 - -33 - 8 - (-2 + -3)) + 0 + 44
51
Evaluate -14 + 1 + 18 + -4 + -14 - -78.
65
What is the value of (135 + -53 - 41) + 4?
45
Evaluate 62 - ((13 - -46) + -6).
9
What is -1077 + 1089 + -1 + 1 + -8 + 3?
7
-6 + 18 + 21 + -28 - -3
8
71 - -14 - 18 - ((-7 - -16) + -6 + -1)
65
8 - (43 - -2) - -1
-36
Calculate -47 + 0 + (11 - 13) + -1 + -4.
-54
What is the value of (-28 - -45 - 3) + -19 - (0 + 0)?
-5
Calculate (3 - -6 - 60) + 105.
54
What is 3 - (-16 - -12 - (17 + 4))?
28
Calculate 6 + -11 + -10 + -4 - -21.
2
Evaluate 38 - (-51 + -1 - -179).
-89
Evaluate -189 + (42 - 179) + 227.
-99
What is the value of -30 - -15 - (5 + -27) - (-33 + 14)?
26
What is 25 + -2 + -184 + 179 - -8 - -11?
37
Calculate -18 + (112 - 18) + -72.
4
What is the value of 134 + (-3 - -2) + (6630 - 6653)?
110
What is the value of -7 - (51 + -1 + -9 + -4) - (-4 + 5)?
-45
Evaluate 818 - 883 - (3 + 3 + -4 + -19).
-48
Calculate 2 + -27 + (33 - (4 + 38)).
-34
What is the value of 0 - 15 - ((24 - 15) + -28 + 7)?
-3
What is the value of 15 - -3 - (-162 + 67 - -75)?
38
Evaluate 39 - (-1 - ((-4 + -3 - 5) + 22)).
50
What is the value of -4 + (-257 - -274 - (11 + -1)) + 49?
52
What is the value of 2 + 16 + (-56 - -26) + -38?
-50
What is the value of 0 + -47 + 468 + -475 + -4?
-58
Calculate -1 + 0 + 53 + -124 + 65 - 15.
-22
-91 + 5 + 37 + 87
38
What is the value of 4 + 25 + 41 + 58 + -32?
96
Evaluate 25 - (-39 + (45 - 78) - (1 + 2)).
100
Calculate (59 - (-64 + 105)) + (1 - 0) + (10 - 13).
16
Evaluate -42 + (33 - 26) - -42 - (43 + 1).
-37
Calculate (-15 - (-14 + 32)) + 20 - (21 + 0).
-34
What is the value of (45 + 95 - 148) + -2 + -1 + -30?
-41
What is the value of (2 + 47 - (20 - (-11 + 25))) + -10?
33
-4 + 2 + -1 - (-34 + 101)
-70
What is the value of -233 - (-113 + -52) - (1 + 28)?
-97
Calculate 54 + (-11 - 0) + (39 + -68 - -48).
62
What is (62 - -2) + -19 + -1 + 10 + -5?
49
Calculate 1 + -14 + 3 + 10 + 8.
8
Evaluate (377 - 360) + 42 + -1 - 5.
53
(-7 - -4) + 1 - (6 + -23) - 16
-1
Evaluate -27 + -9 + 1 + (6 - 2).
-31
What is 71 - (-180 - -264) - (0 + 59)?
-72
-72 - (46 - 51) - -135
68
Calculate -3 + (4 - -8) + (37 - (-46 + 40)).
52
What is (-12 - 1) + 1 + 0 - (-46983 - -47000)?
-29
What is (-75 - -41) + (-2 - -50)?
14
What is -1421 - -1472 - (-2 - -66)?
-13
What is (4 - 1) + -141 + 12 + 32 + -18?
-112
Evaluate -32 - (-10 + (-28 + 8 - -5) + 12).
-19
-7 - (-7 + 17 + -18 + 6 - 0)
-5
What is 9 - (511 - 496 - (0 + -37))?
-43
What is the value of 8 - ((-2 - -2) + -21 + -25 + (41 - 23))?
36
What is 0 - (11 - 6) - (194 - 215)?
16
What is the value of -39 - (70 - 93 - 58)?
42
What is the value of 30 - (-1 - 0 - (5 + (-9 - -8)))?
35
Calculate 13 + 43 + (-6 - ((-78 - -67) + (1 - -12))).
48
Evaluate -1 + 21 + (-61 + 31 - (-2 + -29)).
21
Evaluate (12 - -2) + (2 - 3) - (-135 + 87 + 42).
19
What is -10 + 40 + -19 + -16 + -5 - -82?
72
What is the value of 0 + 0 - 66 - (8 + (40 - 14 - 35))?
-65
What is the value of 36 + -35 - (258 + -202 + (1 - -12))?
-68
Evaluate -5816 + 5859 - (3 - (-2 - 12)).
26
-7 - -1 - (-59 + 18 + 6 - -41)
-12
What is the value of -8 - -2 - (-26 - (23 + -12)) - 14?
17
What is 21 + -21 + (-10 - (-7 + 10 + -5)) + -42?
-50
43 + -57 + (6 - -31) + 5
28
Calculate -121 + (-127 - -97) + 38.
-113
Evaluate 4 + (-97 - -83) - (0 + 3 + -2).
-11
Evaluate 1 - (-10 + 5) - (-19 + 4 - -4).
17
What is the value of 57 - (30 + 40 + -20 + -62)?
69
What is the value of 1 + 4 + -6 + 2 + 1 + -22?
-20
Evaluate (3 + 10 - -4) + 3 + 6 - 5.
21
What is (244 - 118) + (17 - 58)?
85
0 - (0 + 14) - ((51 - 2) + -719 + 678)
-22
Calculate 13 - (13 + (6 + 6 - 3) + -2).
-7
Evaluate (-87 + 149 - 71) + 5 + 5.
1
(-13 + 20 - 19) + 28 - (-2 + 2)
16
What is -72 + (-10 - (1 - (26 + 6)))?
-51
What is the value of 18 + (-12 - 31) + 10 - -7?
-8
What is 186 - 79 - (-141 + 178)?
70
Calculate 19 - 67 - (-51 + 31).
-28
(-26 - -2 - -8 - 0) + (12 - 2)
-6
What is the value of -32 + 92 + 63 + -141?
-18
Calculate (29 - -3) + (59 - (3 - -79)).
9
Calculate (-18 - -4) + -1 + (-2 - -59).
42
130 + -161 + -105 + 4 - (-7 + 4)
-129
Calculate (-92 + 54 - -69) + -41.
-10
Calculate -143 + 1 - (37 + -25 + (2 - -10) + -18).
-148
-74 + (21 - (2 + (-21 - -12)))
-46
What is (-4 - -1) + 30 + -21 - (46 + 11 + -1)?
-50
What is -310 - (-465 + 251) - (0 - -1)?
-97
Calculate (-113 - (-72 + 97)) + 134.
-4
What is the value of (0 - -2 - 17) + -6 + 1 - -10?
-10
Calculate -1 + 1 + -9 + 21 - (-206 + 114 - -76).
28
Evaluate (-15 - (25 - 59)) + -57 + 26 + (-1 - 2).
-15
Evaluate (-39 - 2 - (-25 + 3)) + (10 - 109).
-118
What is the value of 5 + 0 - (261 - (160 + -11))?
-107
(-3 - (1 + -2)) + (-97 + 48 + 103 - -11)
63
What is the value of -141 + 151 + (17 - 16)?
11
Evaluate (9 - -13 - -9 - 10) + -60.
-39
What is (-9 - 0) + (-99 - -114 - (0 - 28))?
34
Calculate 39 + (42 - -100 - 283).
-102
Calculate 78 + (63 - 150) - (44 - 0).
-53
Calculate (5 - 2) + 8 + 6 + -8.
9
Calculate (38 - 44) + 20 - (-17 + 1).
30
What is -36 - -9 - (17 + (0 - 8)) - 17?
-53
What is (29 - 68 - 30) + 100?
31
2 + 5 + -3090 + 3015
-68
Calculate -7 + (-20 + 28 - 33 - -25).
-7
What is 35 - (-2 + -103 - -92)?
48
Evaluate (9 - 31) + 1 + (-89 + -5 - -3).
-112
-35 + 2 + (-5 - (-16 - -33))
-55
What is -3 + 3 + (7 - 31) + 16 - (0 + 3)?
-11
What is (2 + (-4 - 0) - -19) + (1916 - 1849)?
84
What is the value of 114 - (-3 + -4 - (8 - 40))?
89
Evaluate -42 + (-49 - -2) + 14.
-75
What is the value of 108 + 74 + -189 - (5 - (3 + -6) - 3)?
-12
(36 - (12 + 23)) + (-14 - -16)
3
What is the value of (1 - 3) + 5 + -2 + -51 + -2?
-52
Evaluate 44 + -4 + -53 - (2 - -1) - -84.
68
What is the value of (5 + -9 - 5) + 2 + (31 - 8)?
16
What is the value of 1 + 23 + (-1 - (27 - 31) - -7)?
34
What is the value of (12 - (32 - 7)) + 24 - (-25 - 1)?
37
Evaluate 55 + 45 + -101 - (31 - 0).
-32
Evaluate 2 - 16 - (50 + -30 + -29).
-5
What is -2 + -97 - (-154 + 155 - 23)?
-77
Calculate 2 + -108 - (11576 - 11587).
-95
What is the value of -2 + 19 - (176 - (-48 + 133))?
-74
Calculate -70 + 23 - -39 - (-7 + 3 - 2 - 10).
8
(-18 - -47) + (11 - 12 - -3) + 2
33
Calculate -48 - -39 - (-40 - (-10 + 2 - -8)).
31
What is the value of -18 + 28 + 38 + (-8 - 2)?
38
What is the value of 11 - (-1 + -8 + 61 + -53)?
12
34 - (1 + 1 + (-1 - 14))
47
4 + -5 + 21 - ((12 - -1) + (35 - 38))
10
What is the value of (19 - (-18 - -31)) + (-7 - 2 - -49)?
46
Calculate -45 + 28 + 37 - (-20 - -4).
36
What is the value of (0 - 54) + (-2 - (21 + -32 + (20 - 8)))?
-57
Calculate 5 + (5 - (-27 + ((-19 - 2) + 9 - -5))).
44
Evaluate 27 - (-19 + (-6 - 3) + 19).
36
Calculate 0 - (-3 + -17 + 40) - -7.
-13
What is -23 - (24 + -69) - (33 + -3)?
-8
What is the value of (62 - 55) + (-23 - -23) + (-10 - 0) + -1?
-4
What is 3533 + -3535 - (-1 - 25 - (1 - 0 - 3))?
22
(-25 - (-3 - 3)) + 36 + (-39 - -47)
25
Calculate (8 - 36) + -32 + -31 + 63.
-28
Evaluate -4 + (-638 - -645) + -33 + 0.
-30
Calculate 3 + 13 + -72 + 13 + (-5 - -3).
-45
-1 + -1 - ((26 - 40) + (1 - 40)) - 3
48
Evaluate (1 - -77) + (166 - 171) - (2 + -11 + 14).
68
What is the value of 28 - (-30 + 27) - (-7 + (4 - 2) + -1)?
37
What is the value of -22 + 18 + (-13 - -4) - 20?
-33
What is the value of 13 - (1 - (-12 + 20 + 12))?
32
16 + 101 + -236 + 49
-70
What is 98 + (13 - 3) + -8 + -2 + -8 + 17?
107
What is the value of (2 - 33) + 39 + 75 +